+ 31012 = -p - 23101, 3*o - 54133 = 5*p. What is the tens digit of o?
3
Suppose 2*m + 2*f - 66416 = 0, 5*m + f + 59252 - 225268 = 0. What is the thousands digit of m?
3
Let r = -433 - -426. Let a(h) be the second derivative of -h**3/2 + h. What is the tens digit of a(r)?
2
Let j(z) be the first derivative of 372*z**3 - z**2 + 2*z + 83. What is the thousands digit of j(1)?
1
What is the units digit of (16/(-5))/(7/(35*-181))?
6
What is the units digit of -1214*((-5945)/(-10))/(-41)?
3
Suppose -386752 = 24*v - 1235416. What is the hundreds digit of v?
3
Suppose -2*p + 41 = 15. Suppose p*g = 15*g - 14. Suppose 4*s - 394 = -5*f, g*s - 3*f = 2*s + 474. What is the units digit of s?
6
What is the hundreds digit of (-57322)/(-4) - 1677/(-258)?
3
Suppose 0 = 10*q - 20 - 30. Suppose -3*n - 2*t - 37 = -8*n, 0 = 5*n + q*t - 65. What is the units digit of n*(-3)/(-36) + 1265/20?
4
Let x = -158 - -159. What is the units digit of -18*(-387)/9 + x*-3?
1
Suppose -18 = -3*i - 3, -4*b + 19702 = -2*i. Suppose 12*c + 4*c = b. What is the tens digit of c?
0
Suppose 22*g = 44*g - 207196. What is the tens digit of g?
1
Let d = 5535 - 5530. What is the units digit of d?
5
What is the hundreds digit of ((-4)/5)/(168/(-8248590))?
2
Let m = 95 - 84. Suppose 0 = h - m*h - 4*h. Suppose -5*k - 13 + 48 = 4*v, h = -4*v - 20. What is the tens digit of k?
1
What is the hundreds digit of (-8)/((-7 - -14)/(-203))?
2
What is the units digit of (-53100)/(-14) + 11/308*8/2?
3
Let o(d) = -22*d**3 - 17*d**2 - 92*d + 35. What is the hundreds digit of o(-9)?
5
Suppose 26*r - 32*r = 147*r - 3554649. What is the ten thousands digit of r?
2
What is the thousands digit of ((-24)/(-32))/((-7)/(-6)*(-3)/(-201264))?
3
Let v(c) = 24*c**2 - 4*c - 8. Let i be v(-4). Suppose i = 5*s - 3*s. What is the units digit of s?
6
Let z = -44 - -46. Let k be (z + -62)/((-24)/(-16)). What is the units digit of 36/15 + 16/k?
2
Let y = 98693 + -54070. What is the thousands digit of y?
4
Let w(v) = v**3 + 27*v**2 - 58*v + 4. Let k be w(-29). Suppose -3*l = -k*o + 817, -4*o + 117 = -5*l - 698. What is the tens digit of o?
0
Suppose -h = -4*l + 33, -l - 4*h + 20 = 2*l. Let k(f) = -f**3 + 13*f**2 - 7*f - 19. What is the hundreds digit of k(l)?
2
Let v = -28 - 25. Let m = 288 + v. Suppose -79 = 2*i - m. What is the tens digit of i?
7
What is the hundreds digit of -18486*(45/10 - 6) + (-80)/16?
7
Let c = -8075 + 25620. What is the tens digit of c?
4
Let z = 264 + -141. Suppose 135 - z = -2*t. Let v(h) = -h + 9. What is the tens digit of v(t)?
1
Suppose r - s - 2 = 0, -7 = r + 5*s + 3. Suppose 30*j - 29*j - 164 = r. What is the tens digit of j?
6
Let a be (6/4)/((-42)/(-14588)). Suppose 121 = 6*s - a. What is the units digit of s?
7
Suppose x = -2*u + 7990, -4*u + 16544 = -3*x + 574. Suppose -185 - u = -7*l. What is the hundreds digit of l?
5
Suppose 88*m - 86*m - 3*w - 104711 = 0, 2*m = w + 104705. What is the ten thousands digit of m?
5
Let u = 165 + 32. Suppose 0 = 2*q - 3*i - u, 3*i - 30 = -q + 73. What is the hundreds digit of q?
1
Let f be ((-525)/3)/(5/(-30)). Suppose -3*s = 4*i + 2*s - 843, -5*s + f = 5*i. Let l = -137 + i. What is the units digit of l?
0
Suppose -12*x + 437916 = 5*s, -28*s = -31*s + 3*x + 262668. What is the ten thousands digit of s?
8
What is the hundreds digit of (-7 - -5345) + (-8 - -72)/(-8)?
3
Let g(y) = 44*y**2 - 16*y - 6. Let d be g(7). Suppose -6*k = -d - 2168. What is the tens digit of k?
0
Let u(v) = 6*v + 3. Let o be u(0). Suppose -130 = -2*d - 4*q + 316, 624 = 3*d - o*q. What is the units digit of d?
3
Suppose 0 = 42*u - 145*u + 3193. Let z = -43 - -73. Suppose -u*y + z*y = -85. What is the units digit of y?
5
Let v = 6530 - -14187. What is the thousands digit of v?
0
Suppose -3 = x - 0. Let o(v) = 3 - v + 0 - 1. What is the units digit of o(x)?
5
Let y(h) = -16*h + 16. Suppose 0 = -i + 4*s - 6*s - 10, 20 = -3*i + 4*s. Let c be y(i). Suppose -2*p - 2*p + c = 0. What is the units digit of p?
6
Let k be -1*(931/(-6) + 1/6). Let v = 148 - k. Let u = 8 + v. What is the units digit of u?
1
Let g be (-3 + 2548)*1/(-5). Let y = g - -1278. What is the units digit of y?
9
Let t be 116/(-261)*(-18)/4. Suppose -8*p + 2*i - 1078 = -10*p, t*p - i = 1072. What is the units digit of p?
7
Suppose 58*x - 80*x = -40590. Let c = -910 + x. What is the tens digit of c?
3
Let u(a) = 22*a**2 + 70*a + 627. What is the hundreds digit of u(-10)?
1
Suppose -2*g + 20 = 3*t - 4*g, 0 = 4*t + 3*g - 38. Let p be -4 - t/(-2) - 3 - -2. What is the tens digit of 26*(p/2)/(-1)*15?
9
Let x(p) = -p**2 + 9*p + 12. Suppose -2*j - 12 = -3*j. Let q be x(j). What is the tens digit of (3 - q)*(-4)/(-6)?
1
Suppose -4*k - 2*n + 142 = -0*k, -2*k = 5*n - 67. Let g = 36 - k. What is the units digit of 68/(3 + -1 + g)?
4
Let g = 320 + -467. Let q = 344 + g. What is the tens digit of q?
9
Suppose 0 = 3*d - 13 - 5. Suppose d*f = -6*f + 396. What is the units digit of f?
3
Suppose 0*u + 3967 = u. Suppose -856 + u = -5*n - 4*l, 5*n + 5*l = -3110. What is the units digit of n/(-7) - 3*-1?
2
Let b be 2 - 1 - -162 - 2. Suppose 5*i + 2*v + 388 = 0, 228 = -10*i + 7*i - 2*v. Let y = b + i. What is the tens digit of y?
8
Suppose 8095 = -5*o + 45350. What is the units digit of o?
1
What is the tens digit of (2730/168)/((-4)/(-2512))?
0
Let v(x) = 12*x**2 + 27*x + 45. Let s(b) = -7*b**2 - 13*b - 22. Let f(k) = -11*s(k) - 6*v(k). What is the hundreds digit of f(-8)?
4
Let p(a) = 1 + 7 - 2*a - 14. Let g be p(-3). What is the tens digit of (166 - g) + 0 + -21 + 17?
6
Suppose -8*d = -11*d - d. Suppose d = 26*r - 20*r - 1704. What is the units digit of r?
4
Let x = 476 + -474. Suppose -3*c + 65 = -x*q - 0*q, -3*q = 3. What is the tens digit of c?
2
Let r = 2527 + 2994. What is the units digit of r?
1
Suppose 0 = 5*j + o - 35601, -72 = -o - 66. What is the thousands digit of j?
7
Let m(r) = -r**3 + r**2 - r - 36. Let f be m(0). Let p be (-3)/(f/3819) + 1/(-4). Let c = p - 165. What is the hundreds digit of c?
1
What is the hundreds digit of 1/(-2) - (-6)/((-84)/(-113407))?
1
Suppose 63355 = 28*z - 26*z - 3*r, -3*z + 6*r = -95034. What is the units digit of z?
6
What is the ten thousands digit of (198/(-11) - -22014) + -7?
2
Let l = -439 + 451. Suppose 3*u - 11805 = -l*u. What is the hundreds digit of u?
7
Suppose 0 = -3*b - 2*x - 1, 14 = -2*b - 4*x + 6*x. Let n(c) = -62*c. What is the tens digit of n(b)?
8
Suppose -2*l - 7010 = -5*z, -2*l + 2788 = 2*z - 6*l. What is the thousands digit of z?
1
Let y(c) = -c**2 + 9*c + 6. Let g(l) = -l**2 - 8*l - 3. Let w be g(-6). Let k be (21/9)/(3/w)*1. What is the units digit of y(k)?
0
Suppose -438 = 5*j - 2*j. Let q = 322 + j. What is the tens digit of q?
7
Let t = 46504 + -28225. What is the tens digit of t?
7
Let v(d) = 22*d - 136. Let k be v(16). Suppose k = -824*f + 825*f. What is the tens digit of f?
1
Let a = 45 + -49. Let h be (-5*2)/((-3)/((-54)/a)). Suppose -6*k = -7*k + h. What is the tens digit of k?
4
Suppose 0 = 15*a - 0 - 30. Suppose 5*x = a*v - 1279, 5078 = 5*v - x + 1869. What is the hundreds digit of v?
6
Suppose 3*l = 2*g - 8397, 270*l - 272*l - 20976 = -5*g. What is the tens digit of g?
9
Let p be (-8)/2 - (-334)/2. Let y = p - -195. What is the hundreds digit of y?
3
Suppose 0 = 3*q - 199 + 208, -3*q - 38524 = -5*x. What is the hundreds digit of x?
7
Suppose 5*r + 2*c = 106264, 2*c - 85012 = 234*r - 238*r. What is the ten thousands digit of r?
2
Let d = 96 - 78. What is the tens digit of d*6/45*(465 - -15)?
5
Let u = 48934 - 33650. What is the thousands digit of u?
5
Let q(j) = -5*j**2 + 562*j + 249. What is the tens digit of q(72)?
9
Let m(g) = -264*g - 261. Let k be m(-21). Suppose 15*d - k = 6*d. What is the tens digit of d?
8
Let p be -2*(18/4)/(1/(-57)). Let x be p/(-7) - 6/(-21). Let f = x + 131. What is the tens digit of f?
5
Let l = -11208 + 7092. What is the units digit of 4*2*l/(-42)?
4
Let z(s) = -s**3 - 6*s**2 - 2*s + 28636. What is the units digit of z(0)?
6
Suppose -294*x + 293*x + 5*l - 25 = 0, -2*l - 4 = x. Suppose 137 = -2*c - 507. What is the units digit of c/(-3) + x/(-15)?
8
Let k(u) = -26*u - 7. Let c(a) = -77*a - 20. Let d(g) = 3*c(g) - 8*k(g). Suppose 17 - 3 = t + 3*q, 10 = -5*t + q. What is the units digit of d(t)?
9
Let s = 99 + -96. Suppose -4*v - w + 2357 =